). Suppose 808 = 2*x + b, 5*x - 2*b - 278 = 1733. What is the highest common divisor of n and x?
31
Suppose -7*s - 54 = -5*s. Let t = s - -79. Let x(w) = -6*w + 100. Let n be x(-5). What is the highest common factor of n and t?
26
Suppose -5*b - j = 2*j - 1821, -5*b - 5*j = -1825. Suppose 3*x - b + 321 = 0. Calculate the highest common divisor of 126 and x.
14
Let g(r) = 92*r**3 + r**2 - 4*r + 4. Suppose 34*i - 37*i + 3 = 0. Let k be g(i). Calculate the greatest common divisor of 6 and k.
3
Let l be 2 - -118*1/2. Let g = -4079 + 4750. Calculate the greatest common divisor of g and l.
61
Suppose 263*f - 671 + 4499 = 321*f. Let q be (-330)/(-18) + 1/(-3). Calculate the greatest common divisor of f and q.
6
Let v be (-96)/(-36) + (-3)/(-9). Suppose -v*f + 9*b - 5*b + 440 = 0, 3*f = 5*b + 442. What is the highest common divisor of f and 64?
16
Let k(u) = 15*u - 26. Let l be k(2). Suppose 257 = l*q + 33. What is the greatest common factor of 32 and q?
8
Let v be ((-216)/198)/(-12) - 1488/(-88). Let p be (-6)/(-4)*(-818)/(-3). Let j be 2/(-6) + p/3. Calculate the greatest common factor of j and v.
17
Let j(b) = -b**3 - 34*b**2 - 63*b - 4. Let c be j(-32). Let y be (-2 + 6)*c/(-8). Calculate the highest common divisor of 54 and y.
18
Let a be -20*(0 + 1)*((-12857)/52)/43. Calculate the highest common factor of 1610 and a.
115
Let t(z) be the second derivative of -z**5/10 - 17*z**4/12 + z**3 + 11*z**2/2 + 2*z + 21. Let h be t(-9). What is the greatest common divisor of h and 95?
19
Suppose 117 - 1112 = -14*r + 13*r. Calculate the highest common divisor of 55 and r.
5
Let w = 125524 + -125398. Suppose 0 = 4*z - 4*r - 52, -4*r = -2*z - 0*z + 24. Calculate the greatest common divisor of w and z.
14
Let i be (-1888)/944 - (0 - (1 + 64)). Suppose -3*x + 0*m = -2*m - 122, 10 = 5*m. Calculate the greatest common factor of x and i.
21
Let g(s) = -28*s + 1210. Let c be g(43). Let m be -5*(-1 - 215/25). What is the greatest common divisor of c and m?
6
Suppose 0 = 12*d - 3234 - 4446. What is the greatest common divisor of 10 and d?
10
Suppose 3*m = -0*m + 18. Suppose 4*d = 3*d + 96. Suppose -d = 5*r - 396. Calculate the highest common factor of r and m.
6
Suppose -2*n + 9263 = 3533. Suppose -5*i - 3*d = -3615, -4*i + d = -2*d - n. Suppose -6*w = -0*w - i. What is the highest common divisor of 15 and w?
15
Let l(f) = 93*f**2 + 5*f - 3. Let n(y) = y**3 + 12*y**2 + 32*y - 14. Let v be n(-5). Let q be l(v). What is the greatest common divisor of 57 and q?
19
Let b(z) = 66*z - 772. Let w be b(12). Calculate the greatest common factor of 95 and w.
5
Let d(y) = -y**3 - 22*y**2 - 17*y - 788. Let j be d(-23). Calculate the highest common divisor of 198 and j.
66
Let d = 540 - 520. Calculate the highest common divisor of d and 2390.
10
Let q be (-50)/(-25)*1/(4/46). Suppose 0 = 10*c + q*c - 1782. Calculate the highest common divisor of 675 and c.
27
Suppose h - 484 + 85 = 0. Let r = h - 394. Calculate the greatest common divisor of r and 40.
5
Let d(t) = -t**3 + 12*t**2 + t + 18. Suppose 196*w - 60 = 191*w. Let i be d(w). Calculate the highest common factor of i and 30.
30
Suppose 0 = 4*j - 8. Suppose -4*t + 37 = u + 5, -14 = -2*u + j*t. Calculate the greatest common divisor of u and 204.
12
Let k = 32 + -10. Let g(f) = 6*f**2 + 14*f - 40. Let z be g(7). Calculate the greatest common factor of k and z.
22
Suppose -3*z + 3*r + 107 = -1, -134 = -4*z - r. Suppose 4*c + 1332*g = 1331*g + 346, -2*g + 437 = 5*c. Calculate the highest common factor of z and c.
17
Suppose -5*z + 1013 = 5*q - 752, 708 = 2*q + 3*z. What is the greatest common factor of 247 and q?
13
Let h = -24209 + 24254. Let p = 2 - -28. Calculate the highest common factor of h and p.
15
Suppose 54 = 4*n + 2*w - 102, -107 = -3*n - 4*w. Let a = -172 + 186. Suppose -n = a*p - 377. Calculate the highest common divisor of p and 3.
3
Let f = 1794 + -1534. Calculate the greatest common factor of 8320 and f.
260
Suppose -37 = -3*a - 43, -4*m = a - 62. Let o be (8/20)/((-2)/(-320)). What is the highest common factor of o and m?
16
Let t be (-24)/(-20)*(-70)/(-42). Suppose o - 2*p = 4*o - 8, 5*o = t*p + 8. Suppose y + 2 = -2*i - 3, 3*i + 9 = 0. What is the highest common factor of o and y?
1
Suppose 9*x - 1449 + 236 = 875. Calculate the greatest common divisor of x and 2059.
29
Let q = -12143 - -23564. Calculate the highest common factor of 94 and q.
47
Let l = -283 + 306. Suppose 55 = 7*g + 41. What is the highest common factor of g and l?
1
Suppose 7*b = 32 - 11. Suppose -b*j + 20 = -j. Let w be 0 - (5 - j)*(6 + -1). What is the greatest common divisor of w and 275?
25
Let i(l) = -37 + 0 - l - 2*l + 10. Let a be i(-16). Suppose a - 5 = 2*t. Calculate the highest common factor of 72 and t.
8
Let f(z) = -12*z - 152. Let m be f(-13). Suppose 3*r = 2 + 37. Suppose m*n = r*n - 18. What is the greatest common factor of 22 and n?
2
Let d(t) = 2*t**3 + 25*t**2 - 20*t + 245. Let x be d(14). Calculate the highest common divisor of 261 and x.
87
Suppose a - 5*a + 6440 = 0. Calculate the highest common divisor of 70 and a.
70
Let w be 2/(-2) + 1 + 2. Suppose 3*j - 2*o + 4*o = 5, 0 = o - 1. What is the highest common divisor of w and j?
1
Let k = -42832 + 42901. Calculate the highest common divisor of 37053 and k.
69
Suppose -97 = 4*r - 145. Suppose r*x - 264 = 4*x. Calculate the greatest common factor of 165 and x.
33
Let i = -50 + 83. Let r be (-2)/(-11) + (-6)/i. Suppose -3*l = -r*l - 72. Calculate the highest common divisor of l and 24.
24
Let k be 176/(-616) - (-310)/7. What is the greatest common divisor of k and 550?
22
Let a = -319 + 1237. Let s = -579107 + 579141. Calculate the highest common factor of a and s.
34
Let u(j) be the second derivative of j**5/20 + 7*j**4/4 + 5*j**3/2 - 20*j**2 + 16*j. Let d be u(-20). Calculate the greatest common divisor of d and 270.
30
Let v be (1 + -2 + 2)/(8/40). Suppose 15*i - 120 = -v*i. Let j be (-21 - -5)/(3/(-18)). What is the highest common factor of i and j?
6
Let r = -31118 - -31140. Suppose 4*b + 5*x - 4063 = 0, 5*b - 5073 = 5*x - 28. Calculate the highest common factor of b and r.
22
Suppose 0 = -2*h + 4*w + 408, 509 = 2*h + 4*w + 157. What is the greatest common factor of h and 1520?
190
Suppose 5*l + 8 = -d + 59, 0 = l + 4*d + 5. Suppose -7*u = -l - 115. Let m be (2*-1 + 11)*(0 + 5). What is the greatest common factor of u and m?
9
Let q(j) = -j**2 + j + 10. Let f be q(-3). Let m be f/3 + 160/15. Suppose 22 = 12*n - m*n. What is the highest common factor of 77 and n?
11
Let i = 25358 + -24415. Calculate the greatest common factor of 328 and i.
41
Let c = -248 - -383. Let i = 94 - 76. What is the greatest common factor of i and c?
9
Let c = 368 + -598. Let u = c - -238. Let o = 20 + -12. What is the highest common divisor of u and o?
8
Suppose 0 = -5*g + g + 2*k + 30, -g = 2*k - 15. Suppose m + 0*m = 2. Suppose -6*q = -m*q - 144. Calculate the greatest common factor of q and g.
9
Suppose -5*x + 6 = -3*o, -3*x + 2*x - o - 2 = 0. Let s be 1 + 66 + (x + -10)/(-10). What is the greatest common divisor of 51 and s?
17
Suppose -6*r + 2*f = -4*r - 84, -76 = -2*r - 2*f. Let u = r - 22. Let v = -1957 - -1959. Calculate the greatest common divisor of v and u.
2
Suppose 10747*s - 960 = 10742*s. Calculate the greatest common factor of s and 348.
12
Let f(x) = -3*x**2 + 99*x - 151. Let w be f(31). What is the highest common divisor of 180 and w?
5
Let f = 1471 - 2247. Let q be f/(-28) + 2/7. Suppose 434*y - 4319 + 203 = 1960. What is the highest common factor of y and q?
14
Suppose 2*c - 1112 = 5*f - 2*c, -2*c + 668 = -3*f. Let j be ((-18)/12)/(6/f). Let k = 8 + 0. Calculate the highest common factor of j and k.
8
Let m = -6587 - -14175. What is the greatest common factor of m and 7?
7
Let x = 50 - 25. Suppose 28*d - x*d - 168 = 0. Suppose -18 = -3*t - 5*w, -4*t + 7*w = 3*w - d. What is the greatest common factor of t and 22?
11
Let n = 5170 - 5086. What is the highest common factor of 1284 and n?
12
Let v(k) = 9*k**2 + 100*k - 13. Let l = -716 - -702. Let h be v(l). Calculate the greatest common divisor of 78 and h.
39
Suppose 33*m = -20*m + 11541 - 4121. Let l be ((-2)/(-4))/(1/120). Calculate the greatest common divisor of l and m.
20
Suppose -13*o + 378 = -6*o. Suppose -38*w = -o -